). Let m = n - -26. Calculate the highest common factor of 33 and m.
11
Let q(m) = m + 1. Let j be q(-1). Suppose 8*u - 3*u - 100 = j. Let c be u/(1/3*2). What is the greatest common divisor of 20 and c?
10
Let b(s) = 2*s**2 + 4*s + 2. Let a be b(-2). Suppose k = a*k - 14. Calculate the highest common factor of 35 and k.
7
Suppose 2*c = -2*c - 16. Let u be (-1)/c + 894/8. What is the greatest common factor of 16 and u?
16
Let q = 56 - -12. Suppose 4*x - 17 = 51. Suppose 68 - x = 3*z. Calculate the greatest common divisor of q and z.
17
Suppose 4*c - 112 = -5*h, h - 4*c - 56 = -h. Calculate the greatest common factor of 16 and h.
8
Let p(y) = y**3 + 4*y**2 - 3*y + 4. Let o be p(-4). What is the greatest common factor of 16 and o?
16
Suppose -72 = -p + a, p + 3*a = -0*p + 72. Calculate the highest common factor of 8 and p.
8
Let q(c) = c**2 + c. Let l(h) = -7*h**2 + 5*h + 4. Let y(s) = l(s) + 6*q(s). Let x be y(8). Calculate the highest common divisor of x and 4.
4
Let x(n) = -12*n + 4. Let l be x(4). Suppose -10 = 2*z, -5*c + 24 = 4*z + 4. Let h be (-6)/(-4) - l/c. What is the greatest common factor of h and 77?
7
Suppose 4*u - 104 = 5*z, 2*u - 30 = -0*z - 3*z. What is the highest common factor of 189 and u?
21
Suppose 4*m = 0, -4*c + 2*m + 48 = -m. Suppose 2*r - 312 + 48 = 0. What is the highest common divisor of r and c?
12
Let n(t) be the second derivative of 0 - 1/2*t**2 + 1/4*t**4 - t - 1/6*t**3. Let k be n(-1). Calculate the greatest common divisor of k and 12.
3
Suppose -14 = x + 5*d, 3*x = 4*x - 3*d - 10. Let z(n) = 125*n**3 + n. Let a be z(x). Suppose r + 28 = 3*r. What is the greatest common divisor of a and r?
14
Let f(x) = x**2 + 8*x + 4. Let u be f(-6). Let v be 2/(-4)*u + -2. Suppose 5*j = v*z + 4 - 1, 0 = 4*j - 4. Calculate the highest common divisor of 11 and z.
1
Let u be ((-2)/(-4))/(3/660). Suppose -2*q + 4*q = 22. What is the greatest common divisor of q and u?
11
Suppose k - 2 = 4*b - 1, 22 = 4*k + 2*b. Let n be (-2)/3*6/(-4). What is the highest common divisor of k and n?
1
Let j(w) = w**2 - 6*w - 7. Let v be j(8). Calculate the greatest common divisor of v and 27.
9
Suppose s = -2*s - 6. Let f = s - -2. Suppose -2 = -w - f*w. Calculate the greatest common divisor of w and 1.
1
Let o = 49 - 5. Suppose 0 = 11*g - 58 - 63. What is the highest common divisor of g and o?
11
Let z(a) = 5*a - 10. Let w be z(6). What is the highest common factor of w and 20?
20
Let g = 5 + 2. Let r(q) = q**2 - 9*q + 4. Let b be r(g). Let k = b - -26. What is the highest common factor of k and 32?
16
Let d(w) = w + 13. Let h be d(3). What is the greatest common divisor of h and 80?
16
Suppose 5*c - 475 = 350. Suppose 2*q - 9 = 21. What is the greatest common divisor of q and c?
15
Let b(k) = -1 - 6*k + 2*k + 5*k**2 - 3*k**2. Let p be b(3). Suppose 2*t - 57 = -5*z + 4*t, p*z - 50 = -5*t. Calculate the greatest common factor of 55 and z.
11
Let t = 12 + -17. Let z be (-1)/(-2)*(t - -155). Let d be (-18)/(-4)*20/6. Calculate the highest common divisor of d and z.
15
Suppose -21 = -3*a + 30. Let t be ((-3535)/15)/(-7) + 1/3. Calculate the highest common divisor of a and t.
17
Let y(h) = 7*h + 17. Let k be y(4). Suppose -3*f + w + 59 = 0, 2*f - 26 = -2*w - 0*w. Calculate the greatest common divisor of k and f.
9
Let v(y) = y**3 + 4*y**2 - y + 6. Let d be v(-3). Calculate the greatest common divisor of 9 and d.
9
Let w = 15 + -7. Calculate the highest common factor of w and 48.
8
Let w be (-40)/25*15/(-2). Let c be 148/5 - 4/(-10). Calculate the highest common divisor of c and w.
6
Suppose -2*q + 45 = -q + 3*m, -3*q + 111 = 3*m. Calculate the highest common divisor of 22 and q.
11
Suppose 2*y = -4*t + y + 85, 3*y - 3 = 0. What is the greatest common divisor of 35 and t?
7
Let y(o) = -11*o + 44. Let m be y(0). What is the greatest common factor of m and 8?
4
Let q be 2/(-5) + 4764/60. Suppose q = t + 14. What is the greatest common divisor of t and 13?
13
Suppose 2*d + 4 = d, -5*d = t + 21. Let q = t + 1. Suppose k = -q + 4. What is the greatest common factor of k and 4?
4
Let i(m) = -m**2 + m + 21. Let d be i(0). Let p(j) = 2*j**2 + 3*j. Let y be p(-3). Suppose 3*t - 12 - y = 0. Calculate the greatest common factor of d and t.
7
Suppose 155 = 6*g - g. Let f = -13 + g. Let b = 28 + -1. What is the highest common divisor of f and b?
9
Suppose -15*g - 1 = -14*g + 5*m, -3*g + 77 = -m. What is the highest common factor of 24 and g?
24
Suppose -f - 5 = -3*s, 6 + 5 = s - 5*f. Let x(m) = 8*m**2 - 1. Let r be x(s). Calculate the highest common divisor of 35 and r.
7
Let w = -137 - -441. What is the highest common factor of w and 38?
38
Let c = 14 - 10. Suppose 3*o - 2 = c. What is the greatest common factor of 2 and o?
2
Let f(x) = -3*x**3 - 3*x**2 + 5*x + 6. Let n be f(-3). Let l = n - -12. What is the highest common factor of 19 and l?
19
Suppose 5*l = 3*b + 10 + 1, 0 = 4*l + 4*b - 28. Let q = l - -2. Calculate the highest common divisor of q and 6.
6
Let r be (3/2)/((-3)/(-56)). Calculate the greatest common divisor of 7 and r.
7
Let t be 1 - (-6)/(-4)*-2. Suppose 0 = -3*p, 8 = -2*v + t*p - 16. Let w be (v - -1)/(1 + -2). Calculate the highest common factor of 55 and w.
11
Let w be (-2)/(-5)*(13 - 3). Suppose -s + f = -2*f - 8, w = -3*s - 5*f. What is the greatest common factor of 14 and s?
2
Suppose n + 0 = 11. Let a(r) = -15*r - 21. Let t(i) = -8*i - 11. Let y(x) = n*t(x) - 6*a(x). Let c be y(4). What is the greatest common factor of c and 91?
13
Suppose 2*l - 66 - 84 = 0. Suppose -2*j = 5*c - 21, 6*j - j + 5*c = l. What is the greatest common divisor of j and 198?
18
Let y be 9 + -6*(-12)/18. Calculate the highest common divisor of 65 and y.
13
Suppose -4*j - 73 = -4*r + 23, -5*r - 5*j = -120. Calculate the highest common divisor of r and 216.
24
Let l = -1 + 17. Let c be 1 + 0 + 1 + 7. Let w = l - c. Calculate the highest common factor of w and 63.
7
Let i(z) = -z - 4. Let q(s) = 2*s + 7. Let t(c) = 5*i(c) + 3*q(c). Let a be t(5). Calculate the greatest common divisor of a and 30.
6
Suppose 20 = -11*d + 16*d. What is the greatest common factor of d and 4?
4
Suppose 4*o - 4*f = -o + 1500, f + 1211 = 4*o. Calculate the highest common divisor of 38 and o.
38
Suppose d + 3*d = 2*q - 64, -5*d = -3*q + 94. Calculate the greatest common divisor of q and 7.
7
Let c = -2 - -7. Suppose -n + 34 = 3*d + d, -c*n + 10 = 0. What is the highest common factor of 64 and d?
8
Suppose -8*z + 252 = -5*z. Calculate the highest common divisor of z and 63.
21
Let s = -84 - -194. Let z(d) = 3*d + 4. Let p(o) = o - 4. Let n be p(10). Let y be z(n). Calculate the highest common divisor of s and y.
22
Suppose 0 = -w - 0*w + 3, 3*o - 75 = -w. Let a(b) = -5*b - 6*b + 3*b - 7 - b**2. Let d be a(-5). Calculate the greatest common divisor of d and o.
8
Suppose 54 - 18 = 3*d. Calculate the highest common divisor of 12 and d.
12
Suppose -11*i + 13 = -10*i. Let l = -172 + 289. Calculate the greatest common divisor of i and l.
13
Let l = 13 - 13. Let q = 2 + l. Suppose 0 = 4*c - j - 62, -3*c + 4*c - 22 = -3*j. Calculate the greatest common divisor of c and q.
2
Suppose 34 = -4*g + 182. Let o = g - 19. Calculate the highest common factor of o and 54.
18
Let w be ((-6)/10)/((-2)/10). Suppose -4*g + z = -w, 3*z - 3 - 2 = 5*g. Suppose 2*q - 6 = 6. What is the highest common divisor of g and q?
2
Let p be -6*2/3 + 1. Let l(i) = 4*i. Let d be l(p). Let j = d - -20. What is the greatest common divisor of 12 and j?
4
Let v be (-46)/(-6) - 6/(-18). What is the greatest common divisor of 16 and v?
8
Suppose 0 = -s - 2*s - 3*y - 3, -s + 2*y = -8. Suppose -b + 3*d - 393 = -6*b, 0 = -2*b + s*d + 154. What is the greatest common divisor of 52 and b?
26
Suppose 5*j - 20 = 0, j + 64 = -9*k + 10*k. Let a = -22 + 39. What is the highest common factor of a and k?
17
Suppose -3*r - t + 21 = -4*t, 2 = 2*r + 2*t. Let m be ((-30)/r)/(12/208). Let q be 1 - (-3)/((-6)/m). What is the highest common divisor of q and 6?
6
Suppose -4*j - 3*z + 58 = 0, z = 3*j - 0*z - 50. What is the greatest common divisor of 40 and j?
8
Suppose -5*a + 40 = 5*u, -3*a - 1 = -0*u - 2*u. Suppose -u*o = -0*o - 10. Suppose -o*h - 9 + 31 = 0. What is the highest common factor of h and 77?
11
Suppose 4*l - 931 = -5*b, 3*b + 2*l = 5*b - 3